 + 13, -4*s + 20 = -l. Suppose -4*q + 43 = -s*b, -38 = -3*q + b - 3. Calculate the greatest common factor of 21 and q.
3
Let p be (6 + -2)*(-127)/(-4). Let q = -64 + p. Suppose 5*g = 5*y - 2*y - 2, 5*y - 3*g - 30 = 0. Calculate the greatest common factor of y and q.
9
Suppose 0 = -2*i - 2*f + 5*f + 8, -4*f = -4*i + 16. Suppose 2*u - 9 = -5. What is the greatest common factor of i and u?
2
Suppose 0*k = 3*k - 12. Suppose x + k = 4*z - x, 0 = x + 2. Suppose -102 = -2*s + 3*c, 3*c + z*c = 6. What is the highest common divisor of 18 and s?
18
Suppose 0 = 252*x - 258*x + 858. Calculate the highest common divisor of 13 and x.
13
Let x(l) = 17 - 8 + l**2 + l + 0*l. Let f(v) = 2*v - 4. Let c be f(2). Let s be x(c). Calculate the greatest common factor of s and 27.
9
Let b = -1048 + 1166. What is the greatest common factor of b and 472?
118
Let r = -2224 - -2248. Let b be ((-4)/10)/(2/(-160)). What is the highest common divisor of b and r?
8
Suppose 0 = -8*o + 6*o. Suppose 10 = 2*n - o. Calculate the greatest common factor of 25 and n.
5
Suppose 0 = -6*q - 5*q + 110. Let a = 9 - 4. What is the greatest common divisor of q and a?
5
Suppose u - 2*c = 2*u, -3*u + 4*c - 10 = 0. Let w be (-4)/u + 9/3. Suppose w*v - 23 - 27 = 0. Calculate the highest common divisor of 25 and v.
5
Suppose 5*d = -0 - 5. Let w be -3 - (d + 3 - 301). Suppose -3*v + w = -5*z - 50, v + 2*z - 108 = 0. What is the greatest common factor of v and 14?
14
Suppose 0 = -2*s - 6 + 16. Suppose -5*g + s*a + 503 = -482, 2*a + 790 = 4*g. What is the highest common divisor of 22 and g?
22
Suppose 0 = -38*o - 38 + 190. What is the greatest common factor of o and 268?
4
Let q = -686 - -761. Let i(z) = 3*z**2 + 2*z - 3. Let g be i(3). What is the highest common factor of q and g?
15
Suppose -10*g = -g - 819. Let z(a) = -8*a - 35. Let v be z(-6). What is the highest common factor of g and v?
13
Let w = 30 + -1. Suppose -w*m + 12 = -28*m. Calculate the greatest common factor of m and 3.
3
Let x = 18 - 0. Let k(y) = 10*y - 3*y - 28 + 75 + 43. Let l be k(0). What is the greatest common factor of l and x?
18
Let v be (-80)/(-30)*(-15)/2. Let y = v + 34. What is the highest common divisor of y and 2?
2
Let s = -82 + 134. Calculate the greatest common divisor of 4 and s.
4
Let s = 40 - 1. Suppose s*w - 40*w = -16. Let l(p) = 23*p + 4. Let k be l(4). What is the greatest common factor of k and w?
16
Suppose -203*q + 1512 = -191*q. Calculate the highest common divisor of 49 and q.
7
Let q(f) = f + 155. Let u be q(40). What is the greatest common divisor of 13 and u?
13
Let n(u) = -3*u - 13. Let j be n(-9). Suppose j = -4*l + 98. Suppose 131 = i + l. What is the highest common factor of 22 and i?
22
Let o be ((-600)/42)/(1 + (-18)/14). Let m(t) = t**2 - 5*t - 14. Let y be m(8). What is the highest common factor of y and o?
10
Suppose 3*g - 5*n = -49 + 72, 5*n = -3*g + 73. Calculate the greatest common factor of g and 72.
8
Suppose 0 = -3*l + 13 - 1, l + 11 = 3*r. Suppose 7*w - 22 = r*w. Calculate the highest common divisor of 121 and w.
11
Suppose 7978 = 16*r - 13910. Calculate the highest common factor of r and 38.
38
Let w(h) = -6*h**3 - 11*h**2 + 16*h + 56. Let t be w(-5). What is the highest common divisor of 41 and t?
41
Let p(h) = -h + 3. Let l be p(4). Let x be 0 + l - (-8 + 7). Suppose -12*g + 14*g - 104 = x. Calculate the greatest common factor of 78 and g.
26
Let c(m) = 3*m - 9. Let l be c(-6). Let q be (-9)/l - 178/(-6). What is the highest common divisor of q and 210?
30
Let j be 4512/84 + -1 + 9/7. What is the greatest common divisor of 90 and j?
18
Let u = 2353 + -2123. Calculate the greatest common factor of 253 and u.
23
Suppose 0 = 4*r - 18*r + 56. Calculate the greatest common divisor of 18 and r.
2
Let o = 3 + 13. Suppose -10*z + 12*z = 8. Suppose -z*w + w = -72. What is the highest common factor of w and o?
8
Suppose 22 = -x + 50. Let p = 39 + 3. What is the greatest common factor of p and x?
14
Suppose 0 = 5*g + 5*q - 380, 2*g + 3*q - 50 = 98. Let d = 214 - 118. Suppose 3*f + 0*f - d = 0. What is the greatest common factor of g and f?
16
Suppose -19*s - 36 = -22*s. Let d = 46 - -21. Let o = d + 17. Calculate the highest common divisor of o and s.
12
Let h be 144 + -19 + -3 + 4/(-2). Calculate the highest common divisor of h and 45.
15
Let v(d) = 2*d - 2. Let t be v(9). Suppose p + 16 = -0*m + 2*m, 0 = 2*m + 5*p - 16. Calculate the greatest common factor of m and t.
8
Suppose -4*z - 3*j + 419 = 0, -z - 73*j = -75*j - 102. Calculate the greatest common factor of z and 13.
13
Suppose 0 = 3*b - 5*b - 164. Let r = b - -94. What is the highest common divisor of 9 and r?
3
Let p = -9 + 12. Suppose -p*b - 150 = -b. Let n be 152/15 - (-10)/b. What is the highest common divisor of n and 10?
10
Let o be 5 + (21/(-12) - 2/8). Calculate the highest common divisor of 12 and o.
3
Suppose 234 - 50 = 23*c. Calculate the highest common factor of 8 and c.
8
Let o = 342 + -54. What is the highest common factor of o and 18?
18
Let y(l) = 2*l**2 + 2*l + 3. Let k be y(5). Let i = 76 - k. What is the highest common divisor of i and 143?
13
Suppose 0 = n - 3 + 1. Let w be 0 + (-8)/n + 72/4. Calculate the greatest common divisor of w and 7.
7
Let h = -4 - 2. Let w(s) = -s**3 - 5*s**2 + 5*s + 2. Let b be w(h). Suppose -33*k + 27*k + 24 = 0. Calculate the highest common factor of b and k.
4
Suppose -u + 2*f = f - 5, 17 = 3*u - 2*f. Suppose -3*z - u = -4*z. Calculate the highest common divisor of 112 and z.
7
Let f = 30 - -243. Suppose -2*w - 193 = -219. Calculate the greatest common factor of w and f.
13
Let f(m) = -2*m**2 + 24*m - 9. Let p be f(11). Let v = -38 - -15. Let a = -10 - v. What is the greatest common divisor of a and p?
13
Let l(t) = t**3 + 15*t**2 + 13*t. Let w be l(-14). Let j = 18 - w. Let d be (j/10)/((-2)/(-40)). What is the greatest common divisor of 2 and d?
2
Let r(y) = -35*y + 15. Let w(b) = -b + 1. Let a(u) = -r(u) + 6*w(u). Let z be a(3). What is the greatest common divisor of z and 39?
39
Suppose -135*x + 130*x + 20 = 0. Suppose -4*q - 3*y = -731, x*q - 101 - 631 = -4*y. Let j = 32 - 6. Calculate the greatest common divisor of j and q.
26
Let p(k) = 2*k**2 - 7*k - 3. Let i be p(6). Let a(d) = 6*d**2 - 14*d + 25. Let q be a(8). What is the greatest common divisor of q and i?
27
Let d = 66 - 22. Suppose -d*v + 44 = -43*v. Suppose -41 = -3*h - 4*n, 0 = 3*h + 5*n - 18 - 25. Calculate the highest common divisor of v and h.
11
Let c(s) = 4*s**2 + 2*s + 9. Let l be c(-2). What is the greatest common factor of 133 and l?
7
Suppose -7*v - 25 = -8*v. Suppose 5*m + 2*u - v = 0, -2*m = -0*u - 3*u + 9. Suppose 2*x = -m*x + 60. What is the highest common divisor of 48 and x?
12
Suppose -22*w + 3360 = 20*w. What is the highest common factor of w and 420?
20
Suppose -3*h + 77 = 5*a, 5*a = 2*h - 73 - 20. Calculate the highest common divisor of h and 2414.
34
Let d be ((-12)/18)/((-4)/30). Suppose -k + h = -6, 2*k - 3*h + 8*h = 5. Calculate the greatest common factor of d and k.
5
Let d(n) = 150*n + 2113. Let r be d(-14). Suppose 3*m + 2*l - 8 = 9, 3*m + 4*l = 19. Suppose -c + m*c - 52 = 0. Calculate the greatest common factor of r and c.
13
Let h(d) = -d**3 - 16*d**2 - 57*d - 11. Let c be h(-11). What is the highest common factor of 1331 and c?
11
Let v be 4 - 3*16/(-3). What is the highest common divisor of 4 and v?
4
Let n be (-3 - -10)*30/7. Suppose u + 28 = -3*u. Let l be 1/((u/270)/(-7)). Calculate the greatest common factor of n and l.
30
Let p be (-2 + -7)*(-2 + -9). Let j = p + -55. Calculate the greatest common divisor of 4 and j.
4
Let f = -1494 + 1553. What is the highest common factor of f and 1829?
59
Suppose 3*j + 2 = -k - 1, 0 = 2*k - 2*j - 10. Suppose d - 47 = -v, -7*v = -k*v - 4*d - 172. Calculate the greatest common divisor of 30 and v.
15
Let p(w) = -2*w - 9. Let a be p(-4). Let z be (a - (-2)/(-2)) + 2. Suppose z = -d + 3*b + 21, 2*b + 62 = 4*d + b. What is the highest common divisor of 6 and d?
3
Suppose 17 = 2*j - 11. Let x(p) = -7*p - 39. Let g be x(-5). Let s(a) = -14*a - 28. Let n be s(g). What is the highest common divisor of n and j?
14
Let g be (3 + 2)*4/4. Suppose -14 + 4 = g*v. Let b be (-47)/(-3) - v/(-3). What is the greatest common divisor of b and 3?
3
Let v(n) = 7 -